3 - 4) + 28)).
-17
What is the value of -29 - (-21 + -2 + 30 + -39)?
3
Evaluate -110 + -3 + 2 - (-281 + 298 + 1).
-129
126 + (112 - 125) + 14
127
What is the value of 2 + 28 + (-14 - 9) - 47?
-40
What is the value of 2 - 3 - 5 - (12 + (69 + -42 - 156))?
111
What is the value of -65 + 10 + 120 - 79?
-14
Evaluate 96 - (77 + 33 + -64).
50
What is (3 - (-3 - -1)) + (26 - 27) + 19?
23
(2 - -39) + 189 + -182
48
What is (1 - 2) + (-150 - -42 - -51) + 40?
-18
Evaluate -40 + (-31 + 16 - -34).
-21
Evaluate 25 - (58 + -56 + 56).
-33
Evaluate -30 + 7 + 4 + -7 + -18 + 21.
-23
Evaluate -80 + (46 - (62 - 137)).
41
Calculate 7 - (-3 - -7) - (-28 + 21 + 89 + -2).
-77
What is (-1 - -13) + -4 + (-17 - -13)?
4
What is the value of -100 + 56 + 41 + (6 + -2 + -2 - 5)?
-6
Evaluate 5 - -21 - (37 + -37 - (-6 - -14)).
34
-45 + 2 - (307 - 391)
41
Calculate 76 + 76 + -26 - (0 + -1 - -17).
110
Calculate (-1 - (0 - 1)) + 6 + 13806 + -13735 + -9.
68
(-150 - (-21 - -5)) + 123
-11
113 - 138 - (-36 - -87)
-76
-98 + 4 + 6 + (18 - (-25 + 39))
-84
(-1 - -53) + 803 + -852
3
33 - (-28 + 5 + -12 - -31)
37
What is the value of (-4 - (-3 + 93) - (-24 + 9 - -11)) + -4?
-94
What is the value of (8 - (10 + (-10 - -2))) + (46 - -6 - -5)?
63
What is the value of -1 + 9 + 117 + -119 - (32 - 2)?
-24
What is -3 + 1 - (-2 - -2) - (-98 + 68 + 60)?
-32
What is the value of -5 - ((61 + -23 + -26 - 18) + -2 + -2)?
5
Evaluate 173 + -4 - (1948 - 1805).
26
Evaluate (-1 - -7) + (23 - 43) - (-27 - (0 + -18)).
-5
What is the value of (-29 + -1 - (24 - (19 - 13))) + 12?
-36
(118 - 196) + 48 - (0 - 6)
-24
What is the value of -41 - (3 + (60 - 65))?
-39
17 - (-47 + 71) - (1 + 54)
-62
Calculate -34 + 84 + (-11 - 0) + (-24 - -24).
39
What is the value of -31 - (15 - -18 - 62)?
-2
Evaluate (-30 - -27) + 11 - 3 - -88.
93
What is the value of -22 + 7 + 10 + -18 + 0?
-23
Calculate (-2 - (1 + -17 + -2)) + (-16 - 188 - -190).
2
What is -78 + 40 + (79 - (-6 - 21))?
68
What is -3 + 25 + -4 + -6 + (7 - 19)?
0
Evaluate -51 + 80 + (0 - 23) + -14 - 4.
-12
Evaluate -1 - (4 - 1) - (431 - 411 - (76 - -1)).
53
884 - 820 - (23 + (-1 - 0))
42
What is the value of -11 - (-3 - (33 - (35 - 20)))?
10
What is 22 - (32 - 54) - 73?
-29
4 - (-11 + -50 - -101)
-36
What is 29 - 12 - (3 + 5) - (79 - 25)?
-45
(-3 - 0) + 29 + -34 + 0 + 51
43
Evaluate -11 - (-4 + 5 + 3 - (0 - -13)).
-2
(19 - 31 - -26) + (-8 - -1) + -59 + 9
-43
Calculate -44 + 1 - (82 + -97) - (0 + -1).
-27
What is (148 - 163) + 17 + -2 + 2 + -56 - 0?
-54
What is 1 + 5 - ((-248 - -68) + 161)?
25
Evaluate 72 + (-7 - 3 - (8 - (2 + 13))) - 6.
63
Evaluate (0 + -37 - -13) + 26 + 1 + -13.
-10
Calculate (7 - (23 - (-6 + 4))) + -1 + -51.
-70
What is the value of -28 + (-48 + -18 - -71)?
-23
Calculate -525 - -549 - (1 + 8 - 2).
17
Evaluate 9 + -14 + 7 + 26 - -9 - -4.
41
What is -31 - (32 - (24 + -21 + -31))?
-91
Evaluate 0 - -57 - (-70 - (170 - 253)).
44
What is the value of -16 - (-41 + 1 - (-21 + 40))?
43
What is 2 - (27 + 4) - (8 - 40)?
3
(-2 + 4 - (-49 - -61)) + (18 - 5)
3
Calculate (10 - 107) + (25 - -50).
-22
-85 + 170 + -27 - 4
54
25 - (-14 + 11 + 6 - 10 - -2)
30
What is the value of (-2 - -2 - 60) + -31 + 64 + -51 + 32?
-46
What is -4 - (1 + 2) - (-26 - 22)?
41
Evaluate -12 - 0 - (-66 - (25 - 28)) - -5.
56
Evaluate (27 + -34 - -53) + -74.
-28
Evaluate (1 - -54) + (-1 - 1 - -8 - (1 + 1)).
59
5 + 3 + 5 - (13 - (-17 + (47 - 6)))
24
Calculate 75 + -151 + 12 - -128.
64
What is 74 - ((-25 - 43) + 75)?
67
Evaluate (65 - 53) + (-5 - 0) - 6 - (-51 + -2).
54
Evaluate 63 + (-99 - -27) + 121.
112
Evaluate 89 - (94 - -56) - -40.
-21
What is the value of -6 + (11 - (2 - 4)) + -13?
-6
Evaluate -2 - (15 - (-8 - (2 - 3 - (-45 - -54)))).
-15
What is the value of 2 - -1 - -58 - (-9 + (103 - 81))?
48
Evaluate (99 - (4 - -39)) + -44.
12
(4 - -14) + (-2 - (-31 + (1 - 12) + 25))
33
What is (-100 - -103) + 4 + -2 + -36 + -45?
-76
What is the value of (10 + 9 - 33) + 4?
-10
What is (3 - 3) + 13 + 3 + -13 + (-15 - 2)?
-14
What is 78 - (46 + 43 + -51)?
40
What is 0 + (-24 - -7) + (14 + -4 - -71)?
64
What is the value of (19 - 73 - -53) + 0 + (1 + 3 - 11)?
-8
Evaluate -2 - (14 - (-3 + 20 - 32)).
-31
What is -10 - (-128 + 16 - (-3 + 2 - (55 - 53)))?
99
Calculate (-979 - -1001 - (-1 - -72)) + -11.
-60
What is the value of 1 + -6 + 3 + -1 + (10 - 36 - -15)?
-14
Calculate 74 - -33 - (114 - 40).
33
What is the value of (23 - 27) + -2 + (-2 + 62 + -2 - 4)?
48
0 - 115 - (115 - 113 - 42)
-75
-17 - (-1 + (-15 - (-3 - -40)))
36
-19 + (-9 + -17 + 11 - -17)
-17
What is the value of 38 + (-157 - (-41 - 25))?
-53
What is the value of -123 + 149 + (-9 - -4)?
21
Evaluate 12 - (30 - (122 + -40)).
64
What is -1 + 24 + (-13 - (-7 + -10))?
27
(-14 - -70) + -1 + -38
17
What is (52 - 17 - (12 + 17)) + -98?
-92
51 + 72 + -244 + 49
-72
(-19 - -10) + (-217 - -238)
12
10 + -8 + -12 + -3 + -16 + 4 + -1
-26
4 + (-12 - 11) + -231 + 330
80
What is the value of (52 + 66 - 47) + -34?
37
Evaluate 6 + 4 + -9 - (103 + -103 + (1 - -70)).
-70
-24 - (-1 + -53) - -9
39
(25 - -1 - 0) + -32
-6
What is the value of 6 + -1 - (-2 - -2 - -1) - (-1623 - -1583)?
44
What is the value of (-17 + 3 - 31) + 40?
-5
Evaluate 127 + -63 - 70 - (1 - 32).
25
What is the value of -8 + -6 - -9 - -49?
44
Evaluate (-247 - -164 - (-3 + 3 + 11)) + -1.
-95
What is the value of 22 + -32 + 40 + 0 - (13 - 5)?
22
What is the value of (-12 - -23) + 19 + 31 + -58?
3
Calculate -33 + 11 + -7 + (13 - 21) - 11.
-48
Calculate (-5 + 0 - (441 + -456 + (1 - -3))) + -45.
-39
What is the value of (17 - (-7 - (-15 - 10))) + -14?
-15
-1 + 2 + -128 + 107 + (0 - -13) + 7
0
What is 3 + -22 - 0 - (-76 + 190)?
-133
(-69 - (78 - 122)) + 36
11
Calculate (55 + -29 - 21) + (61 - (7 + (-12 - -6))).
65
Evaluate -70 + -1 + -9 + 24 + (-27 - -7).
-76
Calculate 0 + -5 + 2 - (-12 + 31 - 23).
1
-2 + 16 - ((-1 - -8) + -7 - -11)
3
Calculate -34 + 19 + 18 + (12 - (17 - -2)).
-4
Evaluate (-8 - (-21 + 45 + -67)) + -103.
-68
What is -2 + -15 - (16 + -12 + -2 + -10) - -76?
67
Evaluate -3 + -3 + 18 - (51 + 9 + -99).
51
Evaluate 39 + (-21 - (73 + -26)).
-29
What is the value of -3 + 6 + 4 + -9 + -34 + 6?
-30
What is the value of 22 + 5 - (-37 - (1 - -18))?
83
-6 - -27 - (-4 - (2 + -14)) - -67
80
-21 + (27 - -30) - 25 - -6
17
What is the value of 0 + -1 + 8 + (-89 - (-6 + 8))?
-84
Calculate -44 - (49 - 171) - (-1 + -4 + 4 + -3).
82
45 - (-71 - (-104 + 24))
36
Calculate -109 + (24 - (28 - 62) - 31).
-82
What is -4 + (-7 - ((-63 - -34) + 28))?
-10
Calculate 78 - (77 - (-70 - -105)).
36
What is the value of -1 + (46 - (-52 - -43) - 43)?
11
70 + 1 + 6 + -99 + 66
44
What is the value of ((18 - 22) + 19 + -1 - -5) + -4 + 41?
56
What is 33 + -22 + -27 + (-1 - 0) + -37?
-54
Evaluate 20 + 2 - (-2 - -1 - -14).
9
(-1 - -22) + (-1 - -4) + 6046 + -6057
13
Evaluate -31 + (0 - (10 - 15 - 1)).
-25
Evaluate -1 - (-66 + 4 + (-12 - (-11 + -11))).
51
What is 59 + -95 + 122 + -89?
-3
What is the value of -87 + 8 - -55 - -28?
4
What is the value of (10 - 0) + (14 - -16) - (9 - 0 - 16)?
47
Calculate -21 - (-24 + 24) - 53.
-74
Calculate -47 - ((-2 - -5) + -20 + 0 + 59 + -35).
-54
Evaluate (-23 - 0 - 3) + -3 + -5 + (-5 - -6).
-33
Calculate 18 + -14 - (-72 + 55).
21
Evaluate -241 + 261 + 7 + -13 + (-27 - 3).
-16
Evaluate -51 - (-8 - -5) - -47.
-1
Calculate 14 - (13 + (-2 - (15 + -4 + 2))).
16
What is (3 - (-3 + 7)) + (184 - 292 - -5)?
-104
What is the value of -66 + 2 + 385 + -264?
57
Evaluate (-50 + 21 - -61) + -64.
-32
What is -1 - 6 - (-43 - -11 - -52)?
-27
What is the value of 17 + -1 - (-26 + (-24 - 14))?
80
(12 - (8 - ((5 - 4 - 4) + 7))) + 4
12
-10 - (-39 + 2 + -20)
47
What is -110 + 0 - (13 + (-20 - (11 - 7))) - 10?
-109
Evaluate -84 - -2 - (3085 - 3268).
101
Evaluate 1 - -6 - ((-40 - -85) + -40) - (1 - 54).
55
Evaluate -15 - ((17 - 13 - 81) + 26).
36
What is (43 - (27 - -24)) + 19?
11
What is the value of (-1 - -7 - (-32 + 58 + -16)) + 50 + -15?
31
Evaluate 37 - -3 - ((14 - 15 - (-1 + -1)) + -2).
41
Evaluate -20 + (-1 - -5) + (9 - 0) + 1 + 10.
4
Calculate (216 - 194) + -5 + 4.
21
Calculate (-9 - -15) + -9 + -20 - (2 + -8).
-17
What is the value of -145 + (5 - (-22 - -33) - -41)?
-110
Evaluate -71 - (-6 + (4 - (14 + 11 + -33))).
-77
-55 - (-29 - (28 + -20 + -23))
-41
27 - ((-14 - -4) + 12 + -8 + -5)
38
What is the value of 